-- https://www.phpmyadmin.net/
--

START TRANSACTION;



--
-- Database: `u784977635_pump_selection`
--

-- --------------------------------------------------------

--
-- Table structure for table `activity_logs`
--

CREATE TABLE `activity_logs` (
  `id` bigint(20) UNSIGNED NOT NULL,
  `user_id` bigint(20) UNSIGNED NOT NULL,
  `action` varchar(255) NOT NULL,
  `description` text DEFAULT NULL,
  `ip_address` varchar(255) DEFAULT NULL,
  `user_agent` varchar(255) DEFAULT NULL,
  `created_at` timestamp NULL DEFAULT NULL,
  `updated_at` timestamp NULL DEFAULT NULL
) ENGINE=InnoDB DEFAULT CHARSET=utf8mb4 COLLATE=utf8mb4_unicode_ci;

--
-- Dumping data for table `activity_logs`
--

INSERT INTO `activity_logs` (`id`, `user_id`, `action`, `description`, `ip_address`, `user_agent`, `created_at`, `updated_at`) VALUES
(1, 7, 'clicked_next', 'User clicked the Next button in the template wizard.', '::1', 'Mozilla/5.0 (Windows NT 10.0; Win64; x64) AppleWebKit/537.36 (KHTML, like Gecko) Chrome/145.0.0.0 Safari/537.36', '2026-04-01 02:48:43', '2026-04-01 02:48:43'),
(2, 7, 'clicked_next', 'User clicked the Next button in the template wizard.', '::1', 'Mozilla/5.0 (Windows NT 10.0; Win64; x64) AppleWebKit/537.36 (KHTML, like Gecko) Chrome/145.0.0.0 Safari/537.36', '2026-04-01 02:48:47', '2026-04-01 02:48:47'),
(3, 7, 'clicked_back', 'User clicked the Back button in the template wizard.', '::1', 'Mozilla/5.0 (Windows NT 10.0; Win64; x64) AppleWebKit/537.36 (KHTML, like Gecko) Chrome/145.0.0.0 Safari/537.36', '2026-04-01 02:48:48', '2026-04-01 02:48:48'),
(4, 7, 'clicked_next', 'User clicked the Next button in the template wizard.', '::1', 'Mozilla/5.0 (Windows NT 10.0; Win64; x64) AppleWebKit/537.36 (KHTML, like Gecko) Chrome/145.0.0.0 Safari/537.36', '2026-04-01 02:48:50', '2026-04-01 02:48:50'),
(5, 7, 'clicked_next', 'User clicked the Next button in the template wizard.', '::1', 'Mozilla/5.0 (Windows NT 10.0; Win64; x64) AppleWebKit/537.36 (KHTML, like Gecko) Chrome/145.0.0.0 Safari/537.36', '2026-04-01 02:48:54', '2026-04-01 02:48:54'),
(6, 7, 'clicked_back', 'User clicked the Back button in the template wizard.', '::1', 'Mozilla/5.0 (Windows NT 10.0; Win64; x64) AppleWebKit/537.36 (KHTML, like Gecko) Chrome/145.0.0.0 Safari/537.36', '2026-04-01 02:48:55', '2026-04-01 02:48:55'),
(7, 7, 'clicked_back', 'User clicked the Back button in the template wizard.', '::1', 'Mozilla/5.0 (Windows NT 10.0; Win64; x64) AppleWebKit/537.36 (KHTML, like Gecko) Chrome/145.0.0.0 Safari/537.36', '2026-04-01 02:48:57', '2026-04-01 02:48:57'),
(8, 7, 'clicked_back', 'User clicked the Back button in the template wizard.', '::1', 'Mozilla/5.0 (Windows NT 10.0; Win64; x64) AppleWebKit/537.36 (KHTML, like Gecko) Chrome/145.0.0.0 Safari/537.36', '2026-04-01 02:48:58', '2026-04-01 02:48:58'),
(9, 7, 'logout', 'User account deactivated and logged out due to inactivity/security.', '::1', 'Mozilla/5.0 (Windows NT 10.0; Win64; x64) AppleWebKit/537.36 (KHTML, like Gecko) Chrome/145.0.0.0 Safari/537.36', '2026-04-01 02:49:04', '2026-04-01 02:49:04'),
(10, 6, 'login', 'User logged in successfully.', '::1', 'Mozilla/5.0 (Windows NT 10.0; Win64; x64) AppleWebKit/537.36 (KHTML, like Gecko) Chrome/145.0.0.0 Safari/537.36', '2026-04-01 02:51:10', '2026-04-01 02:51:10'),
(11, 6, 'logout', 'User logged out.', '171.61.164.224', 'Mozilla/5.0 (Windows NT 10.0; Win64; x64) AppleWebKit/537.36 (KHTML, like Gecko) Chrome/146.0.0.0 Safari/537.36', '2026-04-02 07:59:14', '2026-04-02 07:59:14'),
(12, 7, 'login', 'User logged in successfully.', '171.61.164.224', 'Mozilla/5.0 (Windows NT 10.0; Win64; x64) AppleWebKit/537.36 (KHTML, like Gecko) Chrome/146.0.0.0 Safari/537.36', '2026-04-02 07:59:20', '2026-04-02 07:59:20'),
(13, 7, 'clicked_next', 'User clicked the Next button in the template wizard.', '171.61.164.224', 'Mozilla/5.0 (Windows NT 10.0; Win64; x64) AppleWebKit/537.36 (KHTML, like Gecko) Chrome/146.0.0.0 Safari/537.36', '2026-04-02 07:59:33', '2026-04-02 07:59:33'),
(14, 7, 'clicked_next', 'User clicked the Next button in the template wizard.', '171.61.164.224', 'Mozilla/5.0 (Windows NT 10.0; Win64; x64) AppleWebKit/537.36 (KHTML, like Gecko) Chrome/146.0.0.0 Safari/537.36', '2026-04-02 07:59:33', '2026-04-02 07:59:33'),
(15, 7, 'clicked_next', 'User clicked the Next button in the template wizard.', '171.61.164.224', 'Mozilla/5.0 (Windows NT 10.0; Win64; x64) AppleWebKit/537.36 (KHTML, like Gecko) Chrome/146.0.0.0 Safari/537.36', '2026-04-02 07:59:39', '2026-04-02 07:59:39'),
(16, 7, 'clicked_next', 'User clicked the Next button in the template wizard.', '171.61.164.224', 'Mozilla/5.0 (Windows NT 10.0; Win64; x64) AppleWebKit/537.36 (KHTML, like Gecko) Chrome/146.0.0.0 Safari/537.36', '2026-04-02 07:59:43', '2026-04-02 07:59:43'),
(17, 7, 'clicked_next', 'User clicked the Next button in the template wizard.', '171.61.164.224', 'Mozilla/5.0 (Windows NT 10.0; Win64; x64) AppleWebKit/537.36 (KHTML, like Gecko) Chrome/146.0.0.0 Safari/537.36', '2026-04-02 07:59:45', '2026-04-02 07:59:45'),
(18, 7, 'clicked_next', 'User clicked the Next button in the template wizard.', '171.61.164.224', 'Mozilla/5.0 (Windows NT 10.0; Win64; x64) AppleWebKit/537.36 (KHTML, like Gecko) Chrome/146.0.0.0 Safari/537.36', '2026-04-02 08:01:18', '2026-04-02 08:01:18'),
(19, 7, 'clicked_next', 'User clicked the Next button in the template wizard.', '171.61.164.224', 'Mozilla/5.0 (Windows NT 10.0; Win64; x64) AppleWebKit/537.36 (KHTML, like Gecko) Chrome/146.0.0.0 Safari/537.36', '2026-04-02 08:01:27', '2026-04-02 08:01:27'),
(20, 7, 'clicked_next', 'User clicked the Next button in the template wizard.', '171.61.164.224', 'Mozilla/5.0 (Windows NT 10.0; Win64; x64) AppleWebKit/537.36 (KHTML, like Gecko) Chrome/146.0.0.0 Safari/537.36', '2026-04-02 08:01:33', '2026-04-02 08:01:33'),
(21, 7, 'login', 'User logged in successfully.', '2401:4900:8fec:ed97:fcce:abb0:fc33:a57d', 'Mozilla/5.0 (Windows NT 10.0; Win64; x64) AppleWebKit/537.36 (KHTML, like Gecko) Chrome/146.0.0.0 Safari/537.36', '2026-04-03 07:54:37', '2026-04-03 07:54:37'),
(22, 7, 'clicked_next', 'User clicked the Next button in the template wizard.', '2401:4900:8fec:ed97:fcce:abb0:fc33:a57d', 'Mozilla/5.0 (Windows NT 10.0; Win64; x64) AppleWebKit/537.36 (KHTML, like Gecko) Chrome/146.0.0.0 Safari/537.36', '2026-04-03 07:54:51', '2026-04-03 07:54:51'),
(23, 7, 'clicked_next', 'User clicked the Next button in the template wizard.', '2401:4900:8fec:ed97:fcce:abb0:fc33:a57d', 'Mozilla/5.0 (Windows NT 10.0; Win64; x64) AppleWebKit/537.36 (KHTML, like Gecko) Chrome/146.0.0.0 Safari/537.36', '2026-04-03 07:54:54', '2026-04-03 07:54:54'),
(24, 7, 'clicked_next', 'User clicked the Next button in the template wizard.', '2401:4900:8fec:ed97:fcce:abb0:fc33:a57d', 'Mozilla/5.0 (Windows NT 10.0; Win64; x64) AppleWebKit/537.36 (KHTML, like Gecko) Chrome/146.0.0.0 Safari/537.36', '2026-04-03 07:54:57', '2026-04-03 07:54:57'),
(25, 7, 'clicked_next', 'User clicked the Next button in the template wizard.', '2401:4900:8fec:ed97:fcce:abb0:fc33:a57d', 'Mozilla/5.0 (Windows NT 10.0; Win64; x64) AppleWebKit/537.36 (KHTML, like Gecko) Chrome/146.0.0.0 Safari/537.36', '2026-04-03 07:55:03', '2026-04-03 07:55:03'),
(26, 7, 'clicked_next', 'User clicked the Next button in the template wizard.', '2401:4900:8fec:ed97:fcce:abb0:fc33:a57d', 'Mozilla/5.0 (Windows NT 10.0; Win64; x64) AppleWebKit/537.36 (KHTML, like Gecko) Chrome/146.0.0.0 Safari/537.36', '2026-04-03 07:55:07', '2026-04-03 07:55:07'),
(27, 7, 'clicked_next', 'User clicked the Next button in the template wizard.', '2401:4900:8fec:ed97:fcce:abb0:fc33:a57d', 'Mozilla/5.0 (Windows NT 10.0; Win64; x64) AppleWebKit/537.36 (KHTML, like Gecko) Chrome/146.0.0.0 Safari/537.36', '2026-04-03 07:55:44', '2026-04-03 07:55:44'),
(28, 7, 'clicked_next', 'User clicked the Next button in the template wizard.', '2401:4900:8fec:ed97:fcce:abb0:fc33:a57d', 'Mozilla/5.0 (Windows NT 10.0; Win64; x64) AppleWebKit/537.36 (KHTML, like Gecko) Chrome/146.0.0.0 Safari/537.36', '2026-04-03 07:56:01', '2026-04-03 07:56:01'),
(29, 7, 'logout', 'User logged out.', '2401:4900:8fec:ed97:fcce:abb0:fc33:a57d', 'Mozilla/5.0 (Windows NT 10.0; Win64; x64) AppleWebKit/537.36 (KHTML, like Gecko) Chrome/146.0.0.0 Safari/537.36', '2026-04-03 07:56:05', '2026-04-03 07:56:05'),
(30, 6, 'login', 'User logged in successfully.', '2401:4900:8fec:ed97:fcce:abb0:fc33:a57d', 'Mozilla/5.0 (Windows NT 10.0; Win64; x64) AppleWebKit/537.36 (KHTML, like Gecko) Chrome/146.0.0.0 Safari/537.36', '2026-04-03 07:56:10', '2026-04-03 07:56:10'),
(31, 6, 'logout', 'User logged out.', '2401:4900:8fec:ed97:fcce:abb0:fc33:a57d', 'Mozilla/5.0 (Windows NT 10.0; Win64; x64) AppleWebKit/537.36 (KHTML, like Gecko) Chrome/146.0.0.0 Safari/537.36', '2026-04-03 08:06:43', '2026-04-03 08:06:43'),
(32, 6, 'login', 'User logged in successfully.', '2401:4900:8fec:ed97:fcce:abb0:fc33:a57d', 'Mozilla/5.0 (Windows NT 10.0; Win64; x64) AppleWebKit/537.36 (KHTML, like Gecko) Chrome/146.0.0.0 Safari/537.36', '2026-04-03 08:06:57', '2026-04-03 08:06:57'),
(33, 6, 'login', 'User logged in successfully.', '2401:4900:8fec:ed97:fcce:abb0:fc33:a57d', 'Mozilla/5.0 (Windows NT 10.0; Win64; x64) AppleWebKit/537.36 (KHTML, like Gecko) Chrome/146.0.0.0 Safari/537.36', '2026-04-03 08:08:02', '2026-04-03 08:08:02'),
(34, 6, 'login', 'User logged in successfully.', '2401:4900:8fec:ed97:fcce:abb0:fc33:a57d', 'Mozilla/5.0 (Windows NT 10.0; Win64; x64) AppleWebKit/537.36 (KHTML, like Gecko) Chrome/146.0.0.0 Safari/537.36', '2026-04-03 08:08:32', '2026-04-03 08:08:32'),
(35, 6, 'logout', 'User logged out.', '2401:4900:8fec:ed97:fcce:abb0:fc33:a57d', 'Mozilla/5.0 (Windows NT 10.0; Win64; x64) AppleWebKit/537.36 (KHTML, like Gecko) Chrome/146.0.0.0 Safari/537.36', '2026-04-03 08:18:00', '2026-04-03 08:18:00'),
(36, 6, 'login', 'User logged in successfully.', '2401:4900:8fec:ed97:40b0:7a39:be9a:e7e3', 'Mozilla/5.0 (Windows NT 10.0; Win64; x64) AppleWebKit/537.36 (KHTML, like Gecko) Chrome/146.0.0.0 Safari/537.36', '2026-04-03 09:58:32', '2026-04-03 09:58:32'),
(37, 6, 'logout', 'User logged out.', '2401:4900:8fec:ed97:40b0:7a39:be9a:e7e3', 'Mozilla/5.0 (Windows NT 10.0; Win64; x64) AppleWebKit/537.36 (KHTML, like Gecko) Chrome/146.0.0.0 Safari/537.36', '2026-04-03 10:21:27', '2026-04-03 10:21:27'),
(38, 8, 'login', 'User logged in successfully.', '2401:4900:8fec:ed97:40b0:7a39:be9a:e7e3', 'Mozilla/5.0 (Windows NT 10.0; Win64; x64) AppleWebKit/537.36 (KHTML, like Gecko) Chrome/146.0.0.0 Safari/537.36', '2026-04-03 10:21:35', '2026-04-03 10:21:35'),
(39, 8, 'profile_update', 'User updated their profile information.', '2401:4900:8fec:ed97:40b0:7a39:be9a:e7e3', 'Mozilla/5.0 (Windows NT 10.0; Win64; x64) AppleWebKit/537.36 (KHTML, like Gecko) Chrome/146.0.0.0 Safari/537.36', '2026-04-03 10:25:16', '2026-04-03 10:25:16'),
(40, 8, 'logout', 'User logged out.', '2401:4900:8fec:ed97:40b0:7a39:be9a:e7e3', 'Mozilla/5.0 (Windows NT 10.0; Win64; x64) AppleWebKit/537.36 (KHTML, like Gecko) Chrome/146.0.0.0 Safari/537.36', '2026-04-03 10:26:04', '2026-04-03 10:26:04'),
(41, 7, 'login', 'User logged in successfully.', '2401:4900:8fec:ed97:40b0:7a39:be9a:e7e3', 'Mozilla/5.0 (Windows NT 10.0; Win64; x64) AppleWebKit/537.36 (KHTML, like Gecko) Chrome/146.0.0.0 Safari/537.36', '2026-04-03 10:26:12', '2026-04-03 10:26:12'),
(42, 7, 'logout', 'User logged out.', '2401:4900:8fec:ed97:40b0:7a39:be9a:e7e3', 'Mozilla/5.0 (Windows NT 10.0; Win64; x64) AppleWebKit/537.36 (KHTML, like Gecko) Chrome/146.0.0.0 Safari/537.36', '2026-04-03 10:26:17', '2026-04-03 10:26:17'),
(43, 8, 'login', 'User logged in successfully.', '2401:4900:8fec:ed97:40b0:7a39:be9a:e7e3', 'Mozilla/5.0 (Windows NT 10.0; Win64; x64) AppleWebKit/537.36 (KHTML, like Gecko) Chrome/146.0.0.0 Safari/537.36', '2026-04-03 10:26:31', '2026-04-03 10:26:31'),
(44, 8, 'clicked_next', 'User clicked the Next button in the template wizard.', '2401:4900:8fec:ed97:40b0:7a39:be9a:e7e3', 'Mozilla/5.0 (Windows NT 10.0; Win64; x64) AppleWebKit/537.36 (KHTML, like Gecko) Chrome/146.0.0.0 Safari/537.36', '2026-04-03 10:31:31', '2026-04-03 10:31:31'),
(45, 8, 'clicked_next', 'User clicked the Next button in the template wizard.', '2401:4900:8fec:ed97:40b0:7a39:be9a:e7e3', 'Mozilla/5.0 (Windows NT 10.0; Win64; x64) AppleWebKit/537.36 (KHTML, like Gecko) Chrome/146.0.0.0 Safari/537.36', '2026-04-03 10:31:37', '2026-04-03 10:31:37'),
(46, 8, 'clicked_next', 'User clicked the Next button in the template wizard.', '2401:4900:8fec:ed97:40b0:7a39:be9a:e7e3', 'Mozilla/5.0 (Windows NT 10.0; Win64; x64) AppleWebKit/537.36 (KHTML, like Gecko) Chrome/146.0.0.0 Safari/537.36', '2026-04-03 10:31:45', '2026-04-03 10:31:45'),
(47, 8, 'clicked_next', 'User clicked the Next button in the template wizard.', '2401:4900:8fec:ed97:40b0:7a39:be9a:e7e3', 'Mozilla/5.0 (Windows NT 10.0; Win64; x64) AppleWebKit/537.36 (KHTML, like Gecko) Chrome/146.0.0.0 Safari/537.36', '2026-04-03 10:31:48', '2026-04-03 10:31:48'),
(48, 8, 'clicked_back', 'User clicked the Back button in the template wizard.', '2401:4900:8fec:ed97:40b0:7a39:be9a:e7e3', 'Mozilla/5.0 (Windows NT 10.0; Win64; x64) AppleWebKit/537.36 (KHTML, like Gecko) Chrome/146.0.0.0 Safari/537.36', '2026-04-03 10:31:51', '2026-04-03 10:31:51'),
(49, 8, 'clicked_next', 'User clicked the Next button in the template wizard.', '2401:4900:8fec:ed97:40b0:7a39:be9a:e7e3', 'Mozilla/5.0 (Windows NT 10.0; Win64; x64) AppleWebKit/537.36 (KHTML, like Gecko) Chrome/146.0.0.0 Safari/537.36', '2026-04-03 10:32:42', '2026-04-03 10:32:42'),
(50, 8, 'clicked_next', 'User clicked the Next button in the template wizard.', '2401:4900:8fec:ed97:40b0:7a39:be9a:e7e3', 'Mozilla/5.0 (Windows NT 10.0; Win64; x64) AppleWebKit/537.36 (KHTML, like Gecko) Chrome/146.0.0.0 Safari/537.36', '2026-04-03 10:32:45', '2026-04-03 10:32:45'),
(51, 8, 'clicked_next', 'User clicked the Next button in the template wizard.', '2401:4900:8fec:ed97:40b0:7a39:be9a:e7e3', 'Mozilla/5.0 (Windows NT 10.0; Win64; x64) AppleWebKit/537.36 (KHTML, like Gecko) Chrome/146.0.0.0 Safari/537.36', '2026-04-03 10:32:48', '2026-04-03 10:32:48'),
(52, 8, 'clicked_next', 'User clicked the Next button in the template wizard.', '2401:4900:8fec:ed97:40b0:7a39:be9a:e7e3', 'Mozilla/5.0 (Windows NT 10.0; Win64; x64) AppleWebKit/537.36 (KHTML, like Gecko) Chrome/146.0.0.0 Safari/537.36', '2026-04-03 10:32:51', '2026-04-03 10:32:51'),
(53, 8, 'clicked_next', 'User clicked the Next button in the template wizard.', '2401:4900:8fec:ed97:40b0:7a39:be9a:e7e3', 'Mozilla/5.0 (Windows NT 10.0; Win64; x64) AppleWebKit/537.36 (KHTML, like Gecko) Chrome/146.0.0.0 Safari/537.36', '2026-04-03 10:32:55', '2026-04-03 10:32:55'),
(54, 8, 'clicked_next', 'User clicked the Next button in the template wizard.', '2401:4900:8fec:ed97:40b0:7a39:be9a:e7e3', 'Mozilla/5.0 (Windows NT 10.0; Win64; x64) AppleWebKit/537.36 (KHTML, like Gecko) Chrome/146.0.0.0 Safari/537.36', '2026-04-03 10:33:05', '2026-04-03 10:33:05'),
(55, 8, 'logout', 'User logged out.', '2401:4900:8fec:ed97:40b0:7a39:be9a:e7e3', 'Mozilla/5.0 (Windows NT 10.0; Win64; x64) AppleWebKit/537.36 (KHTML, like Gecko) Chrome/146.0.0.0 Safari/537.36', '2026-04-03 12:07:28', '2026-04-03 12:07:28'),
(56, 8, 'login', 'User logged in successfully.', '2401:4900:8fec:ed97:40b0:7a39:be9a:e7e3', 'Mozilla/5.0 (Windows NT 10.0; Win64; x64) AppleWebKit/537.36 (KHTML, like Gecko) Chrome/146.0.0.0 Safari/537.36', '2026-04-03 12:15:41', '2026-04-03 12:15:41'),
(57, 8, 'clicked_next', 'User clicked the Next button in the template wizard.', '2401:4900:8fec:ed97:40b0:7a39:be9a:e7e3', 'Mozilla/5.0 (Windows NT 10.0; Win64; x64) AppleWebKit/537.36 (KHTML, like Gecko) Chrome/146.0.0.0 Safari/537.36', '2026-04-03 12:15:53', '2026-04-03 12:15:53'),
(58, 8, 'clicked_next', 'User clicked the Next button in the template wizard.', '2401:4900:8fec:ed97:40b0:7a39:be9a:e7e3', 'Mozilla/5.0 (Windows NT 10.0; Win64; x64) AppleWebKit/537.36 (KHTML, like Gecko) Chrome/146.0.0.0 Safari/537.36', '2026-04-03 12:15:57', '2026-04-03 12:15:57'),
(59, 8, 'clicked_next', 'User clicked the Next button in the template wizard.', '2401:4900:8fec:ed97:40b0:7a39:be9a:e7e3', 'Mozilla/5.0 (Windows NT 10.0; Win64; x64) AppleWebKit/537.36 (KHTML, like Gecko) Chrome/146.0.0.0 Safari/537.36', '2026-04-03 12:15:59', '2026-04-03 12:15:59'),
(60, 8, 'clicked_next', 'User clicked the Next button in the template wizard.', '2401:4900:8fec:ed97:40b0:7a39:be9a:e7e3', 'Mozilla/5.0 (Windows NT 10.0; Win64; x64) AppleWebKit/537.36 (KHTML, like Gecko) Chrome/146.0.0.0 Safari/537.36', '2026-04-03 12:16:03', '2026-04-03 12:16:03'),
(61, 8, 'clicked_next', 'User clicked the Next button in the template wizard.', '2401:4900:8fec:ed97:40b0:7a39:be9a:e7e3', 'Mozilla/5.0 (Windows NT 10.0; Win64; x64) AppleWebKit/537.36 (KHTML, like Gecko) Chrome/146.0.0.0 Safari/537.36', '2026-04-03 12:16:07', '2026-04-03 12:16:07'),
(62, 8, 'clicked_next', 'User clicked the Next button in the template wizard.', '2401:4900:8fec:ed97:40b0:7a39:be9a:e7e3', 'Mozilla/5.0 (Windows NT 10.0; Win64; x64) AppleWebKit/537.36 (KHTML, like Gecko) Chrome/146.0.0.0 Safari/537.36', '2026-04-03 12:16:18', '2026-04-03 12:16:18'),
(63, 8, 'clicked_next', 'User clicked the Next button in the template wizard.', '2401:4900:8fec:ed97:40b0:7a39:be9a:e7e3', 'Mozilla/5.0 (Windows NT 10.0; Win64; x64) AppleWebKit/537.36 (KHTML, like Gecko) Chrome/146.0.0.0 Safari/537.36', '2026-04-03 12:16:31', '2026-04-03 12:16:31'),
(64, 8, 'clicked_next', 'User clicked the Next button in the template wizard.', '2401:4900:8fec:ed97:40b0:7a39:be9a:e7e3', 'Mozilla/5.0 (Windows NT 10.0; Win64; x64) AppleWebKit/537.36 (KHTML, like Gecko) Chrome/146.0.0.0 Safari/537.36', '2026-04-03 12:16:40', '2026-04-03 12:16:40'),
(65, 8, 'clicked_next', 'User clicked the Next button in the template wizard.', '2401:4900:8fec:ed97:40b0:7a39:be9a:e7e3', 'Mozilla/5.0 (Windows NT 10.0; Win64; x64) AppleWebKit/537.36 (KHTML, like Gecko) Chrome/146.0.0.0 Safari/537.36', '2026-04-03 12:16:46', '2026-04-03 12:16:46'),
(66, 8, 'clicked_next', 'User clicked the Next button in the template wizard.', '2401:4900:8fec:ed97:40b0:7a39:be9a:e7e3', 'Mozilla/5.0 (Windows NT 10.0; Win64; x64) AppleWebKit/537.36 (KHTML, like Gecko) Chrome/146.0.0.0 Safari/537.36', '2026-04-03 12:17:37', '2026-04-03 12:17:37'),
(67, 8, 'logout', 'User logged out.', '2401:4900:8fec:ed97:40b0:7a39:be9a:e7e3', 'Mozilla/5.0 (Windows NT 10.0; Win64; x64) AppleWebKit/537.36 (KHTML, like Gecko) Chrome/146.0.0.0 Safari/537.36', '2026-04-03 12:17:49', '2026-04-03 12:17:49'),
(68, 6, 'login', 'User logged in successfully.', '2401:4900:8fec:ed97:40b0:7a39:be9a:e7e3', 'Mozilla/5.0 (Windows NT 10.0; Win64; x64) AppleWebKit/537.36 (KHTML, like Gecko) Chrome/146.0.0.0 Safari/537.36', '2026-04-03 12:17:57', '2026-04-03 12:17:57'),
(69, 6, 'logout', 'User logged out.', '2401:4900:8fec:ed97:40b0:7a39:be9a:e7e3', 'Mozilla/5.0 (Windows NT 10.0; Win64; x64) AppleWebKit/537.36 (KHTML, like Gecko) Chrome/146.0.0.0 Safari/537.36', '2026-04-03 13:19:23', '2026-04-03 13:19:23'),
(70, 6, 'login', 'User logged in successfully.', '2409:40c1:10b4:5caa:29d5:84c5:c20a:b75', 'Mozilla/5.0 (Windows NT 10.0; Win64; x64) AppleWebKit/537.36 (KHTML, like Gecko) Chrome/146.0.0.0 Safari/537.36', '2026-04-03 17:11:14', '2026-04-03 17:11:14'),
(71, 6, 'login', 'User logged in successfully.', '171.61.166.252', 'Mozilla/5.0 (Windows NT 10.0; Win64; x64) AppleWebKit/537.36 (KHTML, like Gecko) Chrome/146.0.0.0 Safari/537.36', '2026-04-06 06:03:07', '2026-04-06 06:03:07'),
(72, 7, 'login', 'User logged in via API.', '152.59.33.227', 'Dart/3.9 (dart:io)', '2026-04-06 06:14:08', '2026-04-06 06:14:08'),
(73, 6, 'logout', 'User logged out.', '2401:4900:8fed:1d11:1d6:ea66:7045:7b8b', 'Mozilla/5.0 (Windows NT 10.0; Win64; x64) AppleWebKit/537.36 (KHTML, like Gecko) Chrome/146.0.0.0 Safari/537.36', '2026-04-06 06:18:29', '2026-04-06 06:18:29'),
(74, 7, 'login', 'User logged in successfully.', '2401:4900:8fed:1d11:1d6:ea66:7045:7b8b', 'Mozilla/5.0 (Windows NT 10.0; Win64; x64) AppleWebKit/537.36 (KHTML, like Gecko) Chrome/146.0.0.0 Safari/537.36', '2026-04-06 06:18:33', '2026-04-06 06:18:33'),
(75, 7, 'clicked_next', 'User clicked the Next button in the template wizard.', '2401:4900:8fed:1d11:1d6:ea66:7045:7b8b', 'Mozilla/5.0 (Windows NT 10.0; Win64; x64) AppleWebKit/537.36 (KHTML, like Gecko) Chrome/146.0.0.0 Safari/537.36', '2026-04-06 06:18:40', '2026-04-06 06:18:40'),
(76, 7, 'clicked_next', 'User clicked the Next button in the template wizard.', '2401:4900:8fed:1d11:1d6:ea66:7045:7b8b', 'Mozilla/5.0 (Windows NT 10.0; Win64; x64) AppleWebKit/537.36 (KHTML, like Gecko) Chrome/146.0.0.0 Safari/537.36', '2026-04-06 06:18:42', '2026-04-06 06:18:42'),
(77, 7, 'clicked_next', 'User clicked the Next button in the template wizard.', '2401:4900:8fed:1d11:1d6:ea66:7045:7b8b', 'Mozilla/5.0 (Windows NT 10.0; Win64; x64) AppleWebKit/537.36 (KHTML, like Gecko) Chrome/146.0.0.0 Safari/537.36', '2026-04-06 06:18:46', '2026-04-06 06:18:46'),
(78, 7, 'clicked_next', 'User clicked the Next button in the template wizard.', '2401:4900:8fed:1d11:1d6:ea66:7045:7b8b', 'Mozilla/5.0 (Windows NT 10.0; Win64; x64) AppleWebKit/537.36 (KHTML, like Gecko) Chrome/146.0.0.0 Safari/537.36', '2026-04-06 06:18:51', '2026-04-06 06:18:51'),
(79, 7, 'clicked_next', 'User clicked the Next button in the template wizard.', '2401:4900:8fed:1d11:1d6:ea66:7045:7b8b', 'Mozilla/5.0 (Windows NT 10.0; Win64; x64) AppleWebKit/537.36 (KHTML, like Gecko) Chrome/146.0.0.0 Safari/537.36', '2026-04-06 06:18:56', '2026-04-06 06:18:56'),
(80, 7, 'clicked_next', 'User clicked the Next button in the template wizard.', '2401:4900:8fed:1d11:1d6:ea66:7045:7b8b', 'Mozilla/5.0 (Windows NT 10.0; Win64; x64) AppleWebKit/537.36 (KHTML, like Gecko) Chrome/146.0.0.0 Safari/537.36', '2026-04-06 06:19:30', '2026-04-06 06:19:30'),
(81, 7, 'clicked_next', 'User clicked the Next button in the template wizard.', '2401:4900:8fed:1d11:1d6:ea66:7045:7b8b', 'Mozilla/5.0 (Windows NT 10.0; Win64; x64) AppleWebKit/537.36 (KHTML, like Gecko) Chrome/146.0.0.0 Safari/537.36', '2026-04-06 06:19:39', '2026-04-06 06:19:39'),
(82, 7, 'clicked_back', 'User clicked the Back button in the template wizard.', '2401:4900:8fed:1d11:1d6:ea66:7045:7b8b', 'Mozilla/5.0 (Windows NT 10.0; Win64; x64) AppleWebKit/537.36 (KHTML, like Gecko) Chrome/146.0.0.0 Safari/537.36', '2026-04-06 06:19:51', '2026-04-06 06:19:51'),
(83, 7, 'clicked_back', 'User clicked the Back button in the template wizard.', '2401:4900:8fed:1d11:1d6:ea66:7045:7b8b', 'Mozilla/5.0 (Windows NT 10.0; Win64; x64) AppleWebKit/537.36 (KHTML, like Gecko) Chrome/146.0.0.0 Safari/537.36', '2026-04-06 06:19:52', '2026-04-06 06:19:52'),
(84, 7, 'clicked_next', 'User clicked the Next button in the template wizard.', '2401:4900:8fed:1d11:1d6:ea66:7045:7b8b', 'Mozilla/5.0 (Windows NT 10.0; Win64; x64) AppleWebKit/537.36 (KHTML, like Gecko) Chrome/146.0.0.0 Safari/537.36', '2026-04-06 06:19:55', '2026-04-06 06:19:55'),
(85, 7, 'clicked_back', 'User clicked the Back button in the template wizard.', '2401:4900:8fed:1d11:1d6:ea66:7045:7b8b', 'Mozilla/5.0 (Windows NT 10.0; Win64; x64) AppleWebKit/537.36 (KHTML, like Gecko) Chrome/146.0.0.0 Safari/537.36', '2026-04-06 06:19:56', '2026-04-06 06:19:56'),
(86, 7, 'clicked_back', 'User clicked the Back button in the template wizard.', '2401:4900:8fed:1d11:1d6:ea66:7045:7b8b', 'Mozilla/5.0 (Windows NT 10.0; Win64; x64) AppleWebKit/537.36 (KHTML, like Gecko) Chrome/146.0.0.0 Safari/537.36', '2026-04-06 06:19:57', '2026-04-06 06:19:57'),
(87, 7, 'logout', 'User account deactivated and logged out due to inactivity/security.', '2401:4900:8fed:1d11:1d6:ea66:7045:7b8b', 'Mozilla/5.0 (Windows NT 10.0; Win64; x64) AppleWebKit/537.36 (KHTML, like Gecko) Chrome/146.0.0.0 Safari/537.36', '2026-04-06 06:20:09', '2026-04-06 06:20:09'),
(88, 6, 'login', 'User logged in successfully.', '2401:4900:8fed:1d11:1d6:ea66:7045:7b8b', 'Mozilla/5.0 (Windows NT 10.0; Win64; x64) AppleWebKit/537.36 (KHTML, like Gecko) Chrome/146.0.0.0 Safari/537.36', '2026-04-06 06:20:38', '2026-04-06 06:20:38'),
(89, 6, 'logout', 'User logged out.', '2401:4900:8fed:1d11:1d6:ea66:7045:7b8b', 'Mozilla/5.0 (Windows NT 10.0; Win64; x64) AppleWebKit/537.36 (KHTML, like Gecko) Chrome/146.0.0.0 Safari/537.36', '2026-04-06 06:46:43', '2026-04-06 06:46:43'),
(90, 6, 'login', 'User logged in successfully.', '2401:4900:8fed:1d11:1d6:ea66:7045:7b8b', 'Mozilla/5.0 (Windows NT 10.0; Win64; x64) AppleWebKit/537.36 (KHTML, like Gecko) Chrome/146.0.0.0 Safari/537.36', '2026-04-06 06:46:54', '2026-04-06 06:46:54'),
(91, 6, 'logout', 'User logged out.', '2401:4900:8fed:1d11:1d6:ea66:7045:7b8b', 'Mozilla/5.0 (Windows NT 10.0; Win64; x64) AppleWebKit/537.36 (KHTML, like Gecko) Chrome/146.0.0.0 Safari/537.36', '2026-04-06 06:47:53', '2026-04-06 06:47:53'),
(92, 7, 'login', 'User logged in successfully.', '2401:4900:8fed:1d11:1d6:ea66:7045:7b8b', 'Mozilla/5.0 (Windows NT 10.0; Win64; x64) AppleWebKit/537.36 (KHTML, like Gecko) Chrome/146.0.0.0 Safari/537.36', '2026-04-06 06:47:58', '2026-04-06 06:47:58'),
(93, 7, 'clicked_next', 'User clicked the Next button in the template wizard.', '2401:4900:8fed:1d11:1d6:ea66:7045:7b8b', 'Mozilla/5.0 (Windows NT 10.0; Win64; x64) AppleWebKit/537.36 (KHTML, like Gecko) Chrome/146.0.0.0 Safari/537.36', '2026-04-06 06:48:03', '2026-04-06 06:48:03'),
(94, 7, 'clicked_next', 'User clicked the Next button in the template wizard.', '2401:4900:8fed:1d11:1d6:ea66:7045:7b8b', 'Mozilla/5.0 (Windows NT 10.0; Win64; x64) AppleWebKit/537.36 (KHTML, like Gecko) Chrome/146.0.0.0 Safari/537.36', '2026-04-06 06:48:05', '2026-04-06 06:48:05'),
(95, 7, 'clicked_next', 'User clicked the Next button in the template wizard.', '2401:4900:8fed:1d11:1d6:ea66:7045:7b8b', 'Mozilla/5.0 (Windows NT 10.0; Win64; x64) AppleWebKit/537.36 (KHTML, like Gecko) Chrome/146.0.0.0 Safari/537.36', '2026-04-06 06:48:09', '2026-04-06 06:48:09'),
(96, 7, 'clicked_next', 'User clicked the Next button in the template wizard.', '2401:4900:8fed:1d11:1d6:ea66:7045:7b8b', 'Mozilla/5.0 (Windows NT 10.0; Win64; x64) AppleWebKit/537.36 (KHTML, like Gecko) Chrome/146.0.0.0 Safari/537.36', '2026-04-06 06:48:13', '2026-04-06 06:48:13'),
(97, 7, 'clicked_back', 'User clicked the Back button in the template wizard.', '2401:4900:8fed:1d11:1d6:ea66:7045:7b8b', 'Mozilla/5.0 (Windows NT 10.0; Win64; x64) AppleWebKit/537.36 (KHTML, like Gecko) Chrome/146.0.0.0 Safari/537.36', '2026-04-06 06:48:16', '2026-04-06 06:48:16'),
(98, 7, 'clicked_next', 'User clicked the Next button in the template wizard.', '2401:4900:8fed:1d11:1d6:ea66:7045:7b8b', 'Mozilla/5.0 (Windows NT 10.0; Win64; x64) AppleWebKit/537.36 (KHTML, like Gecko) Chrome/146.0.0.0 Safari/537.36', '2026-04-06 07:15:30', '2026-04-06 07:15:30'),
(99, 7, 'clicked_back', 'User clicked the Back button in the template wizard.', '2401:4900:8fed:1d11:1d6:ea66:7045:7b8b', 'Mozilla/5.0 (Windows NT 10.0; Win64; x64) AppleWebKit/537.36 (KHTML, like Gecko) Chrome/146.0.0.0 Safari/537.36', '2026-04-06 07:15:31', '2026-04-06 07:15:31'),
(100, 7, 'clicked_next', 'User clicked the Next button in the template wizard.', '2401:4900:8fed:1d11:1d6:ea66:7045:7b8b', 'Mozilla/5.0 (Windows NT 10.0; Win64; x64) AppleWebKit/537.36 (KHTML, like Gecko) Chrome/146.0.0.0 Safari/537.36', '2026-04-06 07:15:35', '2026-04-06 07:15:35'),
(101, 7, 'clicked_next', 'User clicked the Next button in the template wizard.', '2401:4900:8fed:1d11:1d6:ea66:7045:7b8b', 'Mozilla/5.0 (Windows NT 10.0; Win64; x64) AppleWebKit/537.36 (KHTML, like Gecko) Chrome/146.0.0.0 Safari/537.36', '2026-04-06 07:15:38', '2026-04-06 07:15:38'),
(102, 7, 'clicked_next', 'User clicked the Next button in the template wizard.', '2401:4900:8fed:1d11:1d6:ea66:7045:7b8b', 'Mozilla/5.0 (Windows NT 10.0; Win64; x64) AppleWebKit/537.36 (KHTML, like Gecko) Chrome/146.0.0.0 Safari/537.36', '2026-04-06 07:15:42', '2026-04-06 07:15:42'),
(103, 7, 'clicked_back', 'User clicked the Back button in the template wizard.', '2401:4900:8fed:1d11:1d6:ea66:7045:7b8b', 'Mozilla/5.0 (Windows NT 10.0; Win64; x64) AppleWebKit/537.36 (KHTML, like Gecko) Chrome/146.0.0.0 Safari/537.36', '2026-04-06 07:15:44', '2026-04-06 07:15:44'),
(104, 7, 'clicked_next', 'User clicked the Next button in the template wizard.', '2401:4900:8fed:1d11:1d6:ea66:7045:7b8b', 'Mozilla/5.0 (Windows NT 10.0; Win64; x64) AppleWebKit/537.36 (KHTML, like Gecko) Chrome/146.0.0.0 Safari/537.36', '2026-04-06 07:15:49', '2026-04-06 07:15:49'),
(105, 7, 'clicked_back', 'User clicked the Back button in the template wizard.', '2401:4900:8fed:1d11:1d6:ea66:7045:7b8b', 'Mozilla/5.0 (Windows NT 10.0; Win64; x64) AppleWebKit/537.36 (KHTML, like Gecko) Chrome/146.0.0.0 Safari/537.36', '2026-04-06 07:15:58', '2026-04-06 07:15:58'),
(106, 7, 'clicked_next', 'User clicked the Next button in the template wizard.', '2401:4900:8fed:1d11:1d6:ea66:7045:7b8b', 'Mozilla/5.0 (Windows NT 10.0; Win64; x64) AppleWebKit/537.36 (KHTML, like Gecko) Chrome/146.0.0.0 Safari/537.36', '2026-04-06 07:16:01', '2026-04-06 07:16:01'),
(107, 7, 'clicked_next', 'User clicked the Next button in the template wizard.', '2401:4900:8fed:1d11:1d6:ea66:7045:7b8b', 'Mozilla/5.0 (Windows NT 10.0; Win64; x64) AppleWebKit/537.36 (KHTML, like Gecko) Chrome/146.0.0.0 Safari/537.36', '2026-04-06 07:16:04', '2026-04-06 07:16:04'),
(108, 7, 'clicked_next', 'User clicked the Next button in the template wizard.', '2401:4900:8fed:1d11:1d6:ea66:7045:7b8b', 'Mozilla/5.0 (Windows NT 10.0; Win64; x64) AppleWebKit/537.36 (KHTML, like Gecko) Chrome/146.0.0.0 Safari/537.36', '2026-04-06 07:16:09', '2026-04-06 07:16:09'),
(109, 7, 'login', 'User logged in via API.', '171.61.166.252', 'Dart/3.9 (dart:io)', '2026-04-06 07:34:10', '2026-04-06 07:34:10'),
(110, 7, 'logout', 'User logged out via API.', '171.61.166.252', 'Dart/3.9 (dart:io)', '2026-04-06 07:37:58', '2026-04-06 07:37:58'),
(111, 7, 'login', 'User logged in via API.', '171.61.166.252', 'Dart/3.9 (dart:io)', '2026-04-06 07:38:17', '2026-04-06 07:38:17'),
(112, 7, 'logout', 'User logged out via API.', '171.61.166.252', 'Dart/3.9 (dart:io)', '2026-04-06 07:46:02', '2026-04-06 07:46:02'),
(113, 7, 'login', 'User logged in via API.', '171.61.166.252', 'Dart/3.9 (dart:io)', '2026-04-06 07:46:16', '2026-04-06 07:46:16'),
(114, 7, 'logout', 'User logged out via API.', '171.61.166.252', 'Dart/3.9 (dart:io)', '2026-04-06 07:57:24', '2026-04-06 07:57:24'),
(115, 7, 'login', 'User logged in via API.', '2401:4900:8fed:1d11:9dbc:6e66:e217:8cbf', 'Dart/3.9 (dart:io)', '2026-04-06 09:46:41', '2026-04-06 09:46:41'),
(116, 7, 'login', 'User logged in via API.', '2401:4900:8fed:1d11:9dbc:6e66:e217:8cbf', 'PostmanRuntime/7.53.0', '2026-04-06 09:49:59', '2026-04-06 09:49:59'),
(117, 7, 'logout', 'User account deactivated and logged out via API due to inactivity/security.', '2401:4900:8fed:1d11:9dbc:6e66:e217:8cbf', 'PostmanRuntime/7.53.0', '2026-04-06 09:50:16', '2026-04-06 09:50:16'),
(118, 7, 'logout', 'User account deactivated and logged out via API due to inactivity/security.', '171.61.166.252', 'Dart/3.9 (dart:io)', '2026-04-06 09:58:42', '2026-04-06 09:58:42'),
(119, 6, 'login', 'User logged in successfully.', '2401:4900:8fed:1d11:9dbc:6e66:e217:8cbf', 'Mozilla/5.0 (Macintosh; Intel Mac OS X 10_15_7) AppleWebKit/537.36 (KHTML, like Gecko) Chrome/146.0.0.0 Safari/537.36', '2026-04-06 10:04:52', '2026-04-06 10:04:52'),
(120, 7, 'login', 'User logged in via API.', '171.61.166.252', 'Dart/3.9 (dart:io)', '2026-04-06 10:05:11', '2026-04-06 10:05:11'),
(121, 7, 'logout', 'User account deactivated and logged out via API due to inactivity/security.', '171.61.166.252', 'Dart/3.9 (dart:io)', '2026-04-06 10:05:41', '2026-04-06 10:05:41'),
(122, 7, 'login', 'User logged in via API.', '171.61.166.252', 'Dart/3.9 (dart:io)', '2026-04-06 10:06:41', '2026-04-06 10:06:41'),
(123, 7, 'logout', 'User account deactivated and logged out via API due to inactivity/security.', '171.61.166.252', 'Dart/3.9 (dart:io)', '2026-04-06 10:07:02', '2026-04-06 10:07:02'),
(124, 7, 'login', 'User logged in via API.', '171.61.166.252', 'Dart/3.9 (dart:io)', '2026-04-06 10:08:51', '2026-04-06 10:08:51'),
(125, 7, 'logout', 'User logged out via API.', '171.61.166.252', 'Dart/3.9 (dart:io)', '2026-04-06 10:14:12', '2026-04-06 10:14:12'),
(126, 7, 'login', 'User logged in via API.', '171.61.166.252', 'Dart/3.9 (dart:io)', '2026-04-06 10:14:30', '2026-04-06 10:14:30'),
(127, 7, 'logout', 'User logged out via API.', '171.61.166.252', 'Dart/3.9 (dart:io)', '2026-04-06 10:15:52', '2026-04-06 10:15:52'),
(128, 7, 'login', 'User logged in via API.', '171.61.166.252', 'Dart/3.9 (dart:io)', '2026-04-06 10:16:07', '2026-04-06 10:16:07'),
(129, 7, 'logout', 'User logged out via API.', '171.61.166.252', 'Dart/3.9 (dart:io)', '2026-04-06 10:16:30', '2026-04-06 10:16:30'),
(130, 7, 'login', 'User logged in via API.', '171.61.166.252', 'Dart/3.9 (dart:io)', '2026-04-06 10:16:56', '2026-04-06 10:16:56'),
(131, 7, 'logout', 'User logged out via API.', '171.61.166.252', 'Dart/3.9 (dart:io)', '2026-04-06 10:17:22', '2026-04-06 10:17:22'),
(132, 7, 'login', 'User logged in via API.', '171.61.166.252', 'Dart/3.9 (dart:io)', '2026-04-06 10:17:41', '2026-04-06 10:17:41'),
(133, 7, 'login', 'User logged in successfully.', '2401:4900:8fed:1d11:1d6:ea66:7045:7b8b', 'Mozilla/5.0 (Windows NT 10.0; Win64; x64) AppleWebKit/537.36 (KHTML, like Gecko) Chrome/146.0.0.0 Safari/537.36', '2026-04-06 10:21:25', '2026-04-06 10:21:25'),
(134, 7, 'login', 'User logged in via API.', '171.61.166.252', 'Dart/3.9 (dart:io)', '2026-04-06 10:31:06', '2026-04-06 10:31:06');

-- --------------------------------------------------------

--
-- Table structure for table `categories`
--

CREATE TABLE `categories` (
  `id` bigint(20) UNSIGNED NOT NULL,
  `parent_id` bigint(20) UNSIGNED DEFAULT NULL,
  `name` varchar(255) NOT NULL,
  `status` tinyint(1) NOT NULL DEFAULT 1,
  `created_at` timestamp NULL DEFAULT NULL,
  `updated_at` timestamp NULL DEFAULT NULL
) ENGINE=InnoDB DEFAULT CHARSET=utf8mb4 COLLATE=utf8mb4_unicode_ci;

--
-- Dumping data for table `categories`
--

INSERT INTO `categories` (`id`, `parent_id`, `name`, `status`, `created_at`, `updated_at`) VALUES
(67, NULL, 'Pump Selection Dharmendra patel', 1, '2026-04-01 04:25:08', '2026-04-01 04:25:08'),
(69, 67, 'Chemical Name', 1, '2026-04-01 04:26:11', '2026-04-01 04:26:11'),
(70, 69, 'Positive Suction', 1, '2026-04-01 04:32:43', '2026-04-01 06:01:47'),
(71, 69, 'Negative Suction', 1, '2026-04-01 04:33:00', '2026-04-01 04:33:00'),
(72, 70, 'Alkali', 1, '2026-04-01 04:33:22', '2026-04-01 04:33:22'),
(73, 70, 'Acidic', 1, '2026-04-01 04:33:38', '2026-04-01 04:33:38'),
(74, 72, 'Clear Liquid', 1, '2026-04-01 04:34:54', '2026-04-01 04:34:54'),
(75, 72, 'With Slurry', 1, '2026-04-01 04:35:15', '2026-04-01 04:35:15'),
(76, 74, 'Thermic Fluid', 1, '2026-04-01 04:36:58', '2026-04-01 04:36:58'),
(77, 74, 'Process', 1, '2026-04-01 04:48:22', '2026-04-01 04:48:22'),
(78, 74, 'ETP', 1, '2026-04-01 04:48:33', '2026-04-01 04:48:33'),
(79, 74, 'Transfer', 1, '2026-04-01 04:49:19', '2026-04-01 04:49:19'),
(80, 74, 'Tanker Loading-unloading', 1, '2026-04-01 04:49:41', '2026-04-01 04:49:41'),
(81, 74, 'STP', 1, '2026-04-01 04:50:10', '2026-04-01 04:50:10'),
(82, 74, 'PESO Area', 1, '2026-04-01 04:50:37', '2026-04-01 04:50:37'),
(83, 74, 'Utility Area', 1, '2026-04-01 04:50:51', '2026-04-01 04:50:51'),
(84, 74, 'Chiller and Brine Circulation Note: Select 1.1x higher flow than the said requirement', 1, '2026-04-01 04:51:51', '2026-04-01 04:51:51'),
(85, 74, 'Solvent Transfer', 1, '2026-04-01 04:52:08', '2026-04-01 04:52:08'),
(86, 74, 'Drum Unloading/Drum Charging', 1, '2026-04-01 04:52:27', '2026-04-01 04:52:27'),
(87, 74, 'Scrubber Application', 1, '2026-04-01 04:52:40', '2026-04-01 04:52:40'),
(88, 74, 'Others', 1, '2026-04-01 04:52:54', '2026-04-01 04:52:54'),
(89, 88, 'Ask Nimeshbhai', 1, '2026-04-01 04:53:22', '2026-04-01 04:53:40'),
(90, 76, 'Hot Oil Pump', 1, '2026-04-01 04:54:23', '2026-04-01 04:54:23'),
(91, 76, 'Gear Pump', 1, '2026-04-01 04:54:43', '2026-04-01 04:54:43'),
(92, 77, 'PPIC - Cost Effective and Flow Rate < 10M3', 1, '2026-04-01 04:55:04', '2026-04-01 04:55:04'),
(93, 77, 'ANSI Metallic - High Efficient, Semi Open Impeller & Premium', 1, '2026-04-01 05:00:06', '2026-04-01 05:00:06'),
(94, 77, 'Mud Pump', 1, '2026-04-01 05:00:46', '2026-04-01 05:00:46'),
(95, 77, 'SS Magnet Drive', 1, '2026-04-01 05:01:03', '2026-04-01 05:01:03'),
(96, 77, 'If Non-metallic Pump Required', 1, '2026-04-01 05:01:22', '2026-04-01 05:01:22'),
(97, 77, 'PPNP/VNDPK - High Efficient, Close Impeller Pump', 1, '2026-04-01 05:01:43', '2026-04-01 05:01:43'),
(98, 78, 'MUD Pump', 1, '2026-04-01 05:02:09', '2026-04-01 05:02:09'),
(99, 78, 'AOD Pump', 1, '2026-04-01 05:02:23', '2026-04-01 05:02:23'),
(100, 78, 'Vertical Glandless Sealless Pump', 1, '2026-04-01 05:03:04', '2026-04-01 05:03:04'),
(101, 78, 'If Non-metallic Pump Required', 1, '2026-04-01 05:03:19', '2026-04-01 05:03:19'),
(102, 101, 'PP Pump - Cost Effective', 1, '2026-04-01 05:04:17', '2026-04-01 05:04:17'),
(103, 101, 'UHMWPE - High durability', 1, '2026-04-01 05:04:43', '2026-04-01 05:04:43'),
(104, 79, 'PPIC - Cost Effective and Flow Rate < 10M3', 1, '2026-04-01 05:13:22', '2026-04-01 05:13:22'),
(105, 79, 'ANSI Metallic - High Efficient, Semi Open Impeller & Premium', 1, '2026-04-01 05:13:34', '2026-04-01 05:13:34'),
(106, 79, 'PPNP/VNDPK - High Efficient, Close Impeller Pump', 1, '2026-04-01 05:13:48', '2026-04-01 05:13:48'),
(107, 79, 'SS Magnet Drive', 1, '2026-04-01 05:14:11', '2026-04-01 05:14:11'),
(108, 79, 'If Non-metallic Pump Required', 1, '2026-04-01 05:14:22', '2026-04-01 05:14:22'),
(109, 108, 'PP Pump - Cost Effective', 1, '2026-04-01 05:14:42', '2026-04-01 05:14:42'),
(110, 108, 'UHMWPE - High durability', 1, '2026-04-01 05:14:52', '2026-04-01 05:14:52'),
(111, 106, 'Normal DUTY', 1, '2026-04-01 05:15:47', '2026-04-01 05:15:47'),
(112, 106, 'Heavy Duty', 1, '2026-04-01 05:18:40', '2026-04-01 05:18:40'),
(113, 111, 'PPNP', 1, '2026-04-01 05:18:58', '2026-04-01 05:18:58'),
(114, 112, 'VNDPK - Heavy duty -RPM = 2800', 1, '2026-04-01 05:20:10', '2026-04-01 05:20:10'),
(115, 96, 'PP Pump - Cost Effective', 1, '2026-04-01 05:23:04', '2026-04-01 05:23:04'),
(116, 96, 'UHMWPE - High durability', 1, '2026-04-01 05:23:19', '2026-04-01 05:23:19'),
(117, 97, 'Normal DUTY', 1, '2026-04-01 05:23:54', '2026-04-01 05:23:54'),
(118, 97, 'Heavy Duty', 1, '2026-04-01 05:24:09', '2026-04-01 05:24:09'),
(119, 117, 'PPNP', 1, '2026-04-01 05:24:25', '2026-04-01 05:24:25'),
(120, 118, 'VNDPK - Heavy duty -RPM = 2800', 1, '2026-04-01 05:24:57', '2026-04-01 05:24:57'),
(121, 80, 'If Non-metallic Pump Required', 1, '2026-04-01 05:26:49', '2026-04-01 05:26:49'),
(122, 80, 'PPIC - Cost Effective and Flow Rate < 10M3', 1, '2026-04-01 05:27:03', '2026-04-01 05:27:03'),
(123, 80, 'ANSI Metallic - High Efficient, Semi Open Impeller & Premium', 1, '2026-04-01 05:27:21', '2026-04-01 05:27:21'),
(124, 80, 'PPNP/VNDPK - High Efficient, Close Impeller Pump', 1, '2026-04-01 05:27:56', '2026-04-01 05:27:56'),
(125, 124, 'Normal DUTY', 1, '2026-04-01 05:28:36', '2026-04-01 05:28:36'),
(126, 124, 'Heavy Duty', 1, '2026-04-01 05:28:56', '2026-04-01 05:28:56'),
(127, 125, 'PPNP', 1, '2026-04-01 05:29:25', '2026-04-01 05:29:25'),
(128, 126, 'VNDPK - Heavy duty -RPM = 2800', 1, '2026-04-01 05:29:57', '2026-04-01 05:29:57'),
(129, 81, 'PPIC - Cost Effective and Flow Rate < 10M3', 1, '2026-04-01 05:32:25', '2026-04-01 05:32:25'),
(130, 81, 'ANSI Metallic - High Efficient, Semi Open Impeller & Premium', 1, '2026-04-01 05:32:42', '2026-04-01 05:32:42'),
(131, 81, 'PPNP/VNDPK - High Efficient, Close Impeller Pump', 1, '2026-04-01 05:32:56', '2026-04-01 05:32:56'),
(132, 81, 'SS Magnet Drive', 1, '2026-04-01 05:33:05', '2026-04-01 05:33:05'),
(133, 81, 'If Non-metallic Pump Required', 1, '2026-04-01 05:33:17', '2026-04-01 05:33:17'),
(134, 131, 'Normal DUTY', 1, '2026-04-01 05:35:39', '2026-04-01 05:35:39'),
(135, 131, 'Heavy Duty', 1, '2026-04-01 05:35:55', '2026-04-01 05:35:55'),
(136, 134, 'PPNP', 1, '2026-04-01 05:36:08', '2026-04-01 05:36:08'),
(137, 135, 'VNDPK - Heavy duty -RPM = 2800', 1, '2026-04-01 05:36:33', '2026-04-01 05:36:33'),
(138, 133, 'Ask Nimeshbhai', 1, '2026-04-01 05:37:06', '2026-04-01 05:37:06'),
(139, 133, 'Subtopic', 1, '2026-04-01 05:37:16', '2026-04-01 05:37:16'),
(140, 82, 'Vertical Long Shaft Pump', 1, '2026-04-01 05:37:45', '2026-04-01 05:37:45'),
(141, 82, 'STP Pump', 1, '2026-04-01 05:37:55', '2026-04-01 05:37:55'),
(142, 82, 'AOD Pump', 1, '2026-04-01 05:39:01', '2026-04-01 05:39:01'),
(143, 82, 'SSP Pump', 1, '2026-04-01 05:39:12', '2026-04-01 05:39:12'),
(144, 82, 'If Non-metallic Pump Required', 1, '2026-04-01 05:39:40', '2026-04-01 05:39:40'),
(145, 83, 'If Non-metallic Pump Required', 1, '2026-04-01 05:39:58', '2026-04-01 05:39:58'),
(146, 83, 'PPNP/VNDPK - High Efficient, Close Impeller Pump', 1, '2026-04-01 05:40:13', '2026-04-01 05:40:13'),
(147, 145, 'Ask Nimeshbhai', 1, '2026-04-01 05:58:06', '2026-04-01 05:58:06'),
(148, 146, 'Normal DUTY', 1, '2026-04-01 05:58:35', '2026-04-01 05:58:35'),
(149, 146, 'Heavy Duty', 1, '2026-04-01 05:58:51', '2026-04-01 05:58:51'),
(150, 148, 'PPNP', 1, '2026-04-01 06:00:19', '2026-04-01 06:00:19'),
(151, 149, 'VNDPK - Heavy duty -RPM = 2800', 1, '2026-04-01 06:00:45', '2026-04-01 06:00:45'),
(152, 84, 'PPNP/VNDPK - High Efficient, Close Impeller Pump', 1, '2026-04-01 06:03:29', '2026-04-01 06:03:29'),
(153, NULL, 'Pump Selection 1400PMP', 1, '2026-04-02 07:47:08', '2026-04-02 07:47:30'),
(154, 153, 'Chemical Name', 1, '2026-04-02 07:47:08', '2026-04-02 07:47:08'),
(155, 154, 'Positive Suction', 1, '2026-04-02 07:47:08', '2026-04-02 07:47:08'),
(156, 155, 'Alkali', 1, '2026-04-02 07:47:08', '2026-04-02 07:47:08'),
(157, 156, 'Clear Liquid', 1, '2026-04-02 07:47:08', '2026-04-02 07:47:08'),
(158, 157, 'Thermic Fluid', 1, '2026-04-02 07:47:08', '2026-04-02 07:47:08'),
(159, 158, 'Hot Oil Pump', 1, '2026-04-02 07:47:08', '2026-04-02 07:47:08'),
(160, 158, 'Gear Pump', 1, '2026-04-02 07:47:08', '2026-04-02 07:47:08'),
(161, 157, 'Process', 1, '2026-04-02 07:47:08', '2026-04-02 07:47:08'),
(162, 161, 'PPIC - Cost Effective and Flow Rate < 10M3', 1, '2026-04-02 07:47:08', '2026-04-02 07:47:08'),
(163, 161, 'ANSI Metallic - High Efficient, Semi Open Impeller & Premium', 1, '2026-04-02 07:47:08', '2026-04-02 07:47:08'),
(164, 161, 'Mud Pump', 1, '2026-04-02 07:47:08', '2026-04-02 07:47:08'),
(165, 161, 'SS Magnet Drive', 1, '2026-04-02 07:47:08', '2026-04-02 07:47:08'),
(166, 161, 'If Non-metallic Pump Required', 1, '2026-04-02 07:47:08', '2026-04-02 07:47:08'),
(167, 166, 'PP Pump - Cost Effective', 1, '2026-04-02 07:47:08', '2026-04-02 07:47:08'),
(168, 166, 'UHMWPE - High durability', 1, '2026-04-02 07:47:08', '2026-04-02 07:47:08'),
(169, 161, 'PPNP/VNDPK - High Efficient, Close Impeller Pump', 1, '2026-04-02 07:47:08', '2026-04-02 07:47:08'),
(170, 169, 'Normal DUTY', 1, '2026-04-02 07:47:08', '2026-04-02 07:47:08'),
(171, 170, 'PPNP', 1, '2026-04-02 07:47:08', '2026-04-02 07:47:08'),
(172, 169, 'Heavy Duty', 1, '2026-04-02 07:47:08', '2026-04-02 07:47:08'),
(173, 172, 'VNDPK - Heavy duty -RPM = 2800', 1, '2026-04-02 07:47:08', '2026-04-02 07:47:08'),
(174, 157, 'ETP', 1, '2026-04-02 07:47:08', '2026-04-02 07:47:08'),
(175, 174, 'MUD Pump', 1, '2026-04-02 07:47:08', '2026-04-02 07:47:08'),
(176, 174, 'AOD Pump', 1, '2026-04-02 07:47:08', '2026-04-02 07:47:08'),
(177, 174, 'Vertical Glandless Sealless Pump', 1, '2026-04-02 07:47:08', '2026-04-02 07:47:08'),
(178, 174, 'If Non-metallic Pump Required', 1, '2026-04-02 07:47:08', '2026-04-02 07:47:08'),
(179, 178, 'PP Pump - Cost Effective', 1, '2026-04-02 07:47:08', '2026-04-02 07:47:08'),
(180, 178, 'UHMWPE - High durability', 1, '2026-04-02 07:47:08', '2026-04-02 07:47:08'),
(181, 157, 'Transfer', 1, '2026-04-02 07:47:08', '2026-04-02 07:47:08'),
(182, 181, 'PPIC - Cost Effective and Flow Rate < 10M3', 1, '2026-04-02 07:47:08', '2026-04-02 07:47:08'),
(183, 181, 'ANSI Metallic - High Efficient, Semi Open Impeller & Premium', 1, '2026-04-02 07:47:08', '2026-04-02 07:47:08'),
(184, 181, 'PPNP/VNDPK - High Efficient, Close Impeller Pump', 1, '2026-04-02 07:47:08', '2026-04-02 07:47:08'),
(185, 184, 'Normal DUTY', 1, '2026-04-02 07:47:08', '2026-04-02 07:47:08'),
(186, 185, 'PPNP', 1, '2026-04-02 07:47:08', '2026-04-02 07:47:08'),
(187, 184, 'Heavy Duty', 1, '2026-04-02 07:47:08', '2026-04-02 07:47:08'),
(188, 187, 'VNDPK - Heavy duty -RPM = 2800', 1, '2026-04-02 07:47:08', '2026-04-02 07:47:08'),
(189, 181, 'SS Magnet Drive', 1, '2026-04-02 07:47:08', '2026-04-02 07:47:08'),
(190, 181, 'If Non-metallic Pump Required', 1, '2026-04-02 07:47:08', '2026-04-02 07:47:08'),
(191, 190, 'PP Pump - Cost Effective', 1, '2026-04-02 07:47:08', '2026-04-02 07:47:08'),
(192, 190, 'UHMWPE - High durability', 1, '2026-04-02 07:47:08', '2026-04-02 07:47:08'),
(193, 157, 'Tanker Loading-unloading', 1, '2026-04-02 07:47:08', '2026-04-02 07:47:08'),
(194, 193, 'If Non-metallic Pump Required', 1, '2026-04-02 07:47:08', '2026-04-02 07:47:08'),
(195, 193, 'PPIC - Cost Effective and Flow Rate < 10M3', 1, '2026-04-02 07:47:08', '2026-04-02 07:47:08'),
(196, 193, 'ANSI Metallic - High Efficient, Semi Open Impeller & Premium', 1, '2026-04-02 07:47:08', '2026-04-02 07:47:08'),
(197, 193, 'PPNP/VNDPK - High Efficient, Close Impeller Pump', 1, '2026-04-02 07:47:08', '2026-04-02 07:47:08'),
(198, 197, 'Normal DUTY', 1, '2026-04-02 07:47:08', '2026-04-02 07:47:08'),
(199, 198, 'PPNP', 1, '2026-04-02 07:47:08', '2026-04-02 07:47:08'),
(200, 197, 'Heavy Duty', 1, '2026-04-02 07:47:08', '2026-04-02 07:47:08'),
(201, 200, 'VNDPK - Heavy duty -RPM = 2800', 1, '2026-04-02 07:47:08', '2026-04-02 07:47:08'),
(202, 157, 'STP', 1, '2026-04-02 07:47:08', '2026-04-02 07:47:08'),
(203, 202, 'PPIC - Cost Effective and Flow Rate < 10M3', 1, '2026-04-02 07:47:08', '2026-04-02 07:47:08'),
(204, 202, 'ANSI Metallic - High Efficient, Semi Open Impeller & Premium', 1, '2026-04-02 07:47:08', '2026-04-02 07:47:08'),
(205, 202, 'PPNP/VNDPK - High Efficient, Close Impeller Pump', 1, '2026-04-02 07:47:08', '2026-04-02 07:47:08'),
(206, 205, 'Normal DUTY', 1, '2026-04-02 07:47:08', '2026-04-02 07:47:08'),
(207, 206, 'PPNP', 1, '2026-04-02 07:47:08', '2026-04-02 07:47:08'),
(208, 205, 'Heavy Duty', 1, '2026-04-02 07:47:08', '2026-04-02 07:47:08'),
(209, 208, 'VNDPK - Heavy duty -RPM = 2800', 1, '2026-04-02 07:47:08', '2026-04-02 07:47:08'),
(210, 202, 'SS Magnet Drive', 1, '2026-04-02 07:47:08', '2026-04-02 07:47:08'),
(211, 202, 'If Non-metallic Pump Required', 1, '2026-04-02 07:47:08', '2026-04-02 07:47:08'),
(212, 211, 'Ask Nimeshbhai', 1, '2026-04-02 07:47:08', '2026-04-02 07:47:08'),
(213, 211, 'Subtopic', 1, '2026-04-02 07:47:08', '2026-04-02 07:47:08'),
(214, 157, 'PESO Area', 1, '2026-04-02 07:47:08', '2026-04-02 07:47:08'),
(215, 214, 'Vertical Long Shaft Pump', 1, '2026-04-02 07:47:08', '2026-04-02 07:47:08'),
(216, 214, 'STP Pump', 1, '2026-04-02 07:47:08', '2026-04-02 07:47:08'),
(217, 214, 'AOD Pump', 1, '2026-04-02 07:47:09', '2026-04-02 07:47:09'),
(218, 214, 'SSP Pump', 1, '2026-04-02 07:47:09', '2026-04-02 07:47:09'),
(219, 214, 'If Non-metallic Pump Required', 1, '2026-04-02 07:47:09', '2026-04-02 07:47:09'),
(220, 157, 'Utility Area', 1, '2026-04-02 07:47:09', '2026-04-02 07:47:09'),
(221, 220, 'If Non-metallic Pump Required', 1, '2026-04-02 07:47:09', '2026-04-02 07:47:09'),
(222, 221, 'Ask Nimeshbhai', 1, '2026-04-02 07:47:09', '2026-04-02 07:47:09'),
(223, 220, 'PPNP/VNDPK - High Efficient, Close Impeller Pump', 1, '2026-04-02 07:47:09', '2026-04-02 07:47:09'),
(224, 223, 'Normal DUTY', 1, '2026-04-02 07:47:09', '2026-04-02 07:47:09'),
(225, 224, 'PPNP', 1, '2026-04-02 07:47:09', '2026-04-02 07:47:09'),
(226, 223, 'Heavy Duty', 1, '2026-04-02 07:47:09', '2026-04-02 07:47:09'),
(227, 226, 'VNDPK - Heavy duty -RPM = 2800', 1, '2026-04-02 07:47:09', '2026-04-02 07:47:09'),
(228, 157, 'Chiller and Brine Circulation Note: Select 1.1x higher flow than the said requirement', 1, '2026-04-02 07:47:09', '2026-04-02 07:47:09'),
(229, 228, 'PPNP/VNDPK - High Efficient, Close Impeller Pump', 1, '2026-04-02 07:47:09', '2026-04-02 07:47:09'),
(230, 157, 'Solvent Transfer', 1, '2026-04-02 07:47:09', '2026-04-02 07:47:09'),
(231, 157, 'Drum Unloading/Drum Charging', 1, '2026-04-02 07:47:09', '2026-04-02 07:47:09'),
(232, 157, 'Scrubber Application', 1, '2026-04-02 07:47:09', '2026-04-02 07:47:09'),
(233, 157, 'Others', 1, '2026-04-02 07:47:09', '2026-04-02 07:47:09'),
(234, 233, 'Ask Nimeshbhai', 1, '2026-04-02 07:47:09', '2026-04-02 07:47:09'),
(235, 156, 'With Slurry', 1, '2026-04-02 07:47:09', '2026-04-02 07:47:09'),
(236, 155, 'Acidic', 1, '2026-04-02 07:47:09', '2026-04-02 07:47:09'),
(237, 154, 'Negative Suction', 1, '2026-04-02 07:47:09', '2026-04-02 07:47:09');

-- --------------------------------------------------------

--
-- Table structure for table `failed_jobs`
--

CREATE TABLE `failed_jobs` (
  `id` bigint(20) UNSIGNED NOT NULL,
  `uuid` varchar(255) NOT NULL,
  `connection` text NOT NULL,
  `queue` text NOT NULL,
  `payload` longtext NOT NULL,
  `exception` longtext NOT NULL,
  `failed_at` timestamp NOT NULL DEFAULT current_timestamp()
) ENGINE=InnoDB DEFAULT CHARSET=utf8mb4 COLLATE=utf8mb4_unicode_ci;

-- --------------------------------------------------------

--
-- Table structure for table `migrations`
--

CREATE TABLE `migrations` (
  `id` int(10) UNSIGNED NOT NULL,
  `migration` varchar(255) NOT NULL,
  `batch` int(11) NOT NULL
) ENGINE=InnoDB DEFAULT CHARSET=utf8mb4 COLLATE=utf8mb4_unicode_ci;

--
-- Dumping data for table `migrations`
--

INSERT INTO `migrations` (`id`, `migration`, `batch`) VALUES
(1, '2014_10_12_000000_create_users_table', 1),
(2, '2014_10_12_100000_create_password_reset_tokens_table', 1),
(3, '2016_06_01_000001_create_oauth_auth_codes_table', 1),
(4, '2016_06_01_000002_create_oauth_access_tokens_table', 1),
(5, '2016_06_01_000003_create_oauth_refresh_tokens_table', 1),
(6, '2016_06_01_000004_create_oauth_clients_table', 1),
(7, '2016_06_01_000005_create_oauth_personal_access_clients_table', 1),
(8, '2019_08_19_000000_create_failed_jobs_table', 1),
(9, '2019_12_14_000001_create_personal_access_tokens_table', 1),
(10, '2026_03_12_062454_create_categories_table', 1),
(11, '2026_03_13_000000_create_rbac_tables', 1),
(12, '2026_03_13_000003_add_extra_fields_to_users_table', 1),
(13, '2026_03_13_110513_add_status_to_users_table', 1),
(14, '2026_03_23_104730_create_templates_table', 1),
(15, '2026_03_23_105108_create_template_categories_table', 1),
(16, '2026_03_23_114357_add_unique_to_name_in_templates_table', 1),
(17, '2026_03_25_112406_add_profile_pic_to_users_table', 1),
(18, '2026_04_01_080018_create_activity_logs_table', 2),
(19, '2026_04_01_102409_add_status_to_categories_table', 3);

-- --------------------------------------------------------

--
-- Table structure for table `oauth_auth_codes`
--

CREATE TABLE `oauth_auth_codes` (
  `id` varchar(100) NOT NULL,
  `user_id` bigint(20) UNSIGNED NOT NULL,
  `client_id` bigint(20) UNSIGNED NOT NULL,
  `scopes` text DEFAULT NULL,
  `revoked` tinyint(1) NOT NULL,
  `expires_at` datetime DEFAULT NULL
) ENGINE=InnoDB DEFAULT CHARSET=utf8mb4 COLLATE=utf8mb4_unicode_ci;

-- --------------------------------------------------------

--
-- Table structure for table `oauth_personal_access_clients`
--

CREATE TABLE `oauth_personal_access_clients` (
  `id` bigint(20) UNSIGNED NOT NULL,
  `client_id` bigint(20) UNSIGNED NOT NULL,
  `created_at` timestamp NULL DEFAULT NULL,
  `updated_at` timestamp NULL DEFAULT NULL
) ENGINE=InnoDB DEFAULT CHARSET=utf8mb4 COLLATE=utf8mb4_unicode_ci;

--
-- Dumping data for table `oauth_personal_access_clients`
--

INSERT INTO `oauth_personal_access_clients` (`id`, `client_id`, `created_at`, `updated_at`) VALUES
(1, 1, '2026-03-25 06:00:12', '2026-03-25 06:00:12');

-- --------------------------------------------------------

--
-- Table structure for table `permissions`
--

CREATE TABLE `permissions` (
  `id` bigint(20) UNSIGNED NOT NULL,
  `name` varchar(255) NOT NULL,
  `slug` varchar(255) NOT NULL,
  `description` varchar(255) DEFAULT NULL,
  `created_at` timestamp NULL DEFAULT NULL,
  `updated_at` timestamp NULL DEFAULT NULL
) ENGINE=InnoDB DEFAULT CHARSET=utf8mb4 COLLATE=utf8mb4_unicode_ci;

--
-- Dumping data for table `permissions`
--

INSERT INTO `permissions` (`id`, `name`, `slug`, `description`, `created_at`, `updated_at`) VALUES
(1, 'Manage Categories', 'manage-categories', NULL, '2026-03-25 06:00:11', '2026-03-25 06:00:11'),
(2, 'View Diagram', 'view-diagram', NULL, '2026-03-25 06:00:11', '2026-03-25 06:00:11');

-- --------------------------------------------------------

--
-- Table structure for table `permission_role`
--

CREATE TABLE `permission_role` (
  `permission_id` bigint(20) UNSIGNED NOT NULL,
  `role_id` bigint(20) UNSIGNED NOT NULL
) ENGINE=InnoDB DEFAULT CHARSET=utf8mb4 COLLATE=utf8mb4_unicode_ci;

--
-- Dumping data for table `permission_role`
--

INSERT INTO `permission_role` (`permission_id`, `role_id`) VALUES
(1, 1),
(2, 1),
(2, 2);

-- --------------------------------------------------------

--
-- Table structure for table `roles`
--

CREATE TABLE `roles` (
  `id` bigint(20) UNSIGNED NOT NULL,
  `name` varchar(255) NOT NULL,
  `slug` varchar(255) NOT NULL,
  `description` varchar(255) DEFAULT NULL,
  `created_at` timestamp NULL DEFAULT NULL,
  `updated_at` timestamp NULL DEFAULT NULL
) ENGINE=InnoDB DEFAULT CHARSET=utf8mb4 COLLATE=utf8mb4_unicode_ci;

--
-- Dumping data for table `roles`
--

INSERT INTO `roles` (`id`, `name`, `slug`, `description`, `created_at`, `updated_at`) VALUES
(1, 'Administrator', 'admin', 'System Administrator', '2026-03-25 06:00:11', '2026-03-25 06:00:11'),
(2, 'User', 'user', 'Regular User', '2026-03-25 06:00:11', '2026-03-25 06:00:11');

-- --------------------------------------------------------

--
-- Table structure for table `role_user`
--

CREATE TABLE `role_user` (
  `role_id` bigint(20) UNSIGNED NOT NULL,
  `user_id` bigint(20) UNSIGNED NOT NULL
) ENGINE=InnoDB DEFAULT CHARSET=utf8mb4 COLLATE=utf8mb4_unicode_ci;

--
-- Dumping data for table `role_user`
--

INSERT INTO `role_user` (`role_id`, `user_id`) VALUES
(1, 6),
(2, 7),
(2, 8);

-- --------------------------------------------------------

--
-- Table structure for table `templates`
--

CREATE TABLE `templates` (
  `id` bigint(20) UNSIGNED NOT NULL,
  `name` varchar(255) NOT NULL,
  `created_by` bigint(20) UNSIGNED NOT NULL,
  `created_at` timestamp NULL DEFAULT NULL,
  `updated_at` timestamp NULL DEFAULT NULL
) ENGINE=InnoDB DEFAULT CHARSET=utf8mb4 COLLATE=utf8mb4_unicode_ci;

--
-- Dumping data for table `templates`
--

INSERT INTO `templates` (`id`, `name`, `created_by`, `created_at`, `updated_at`) VALUES
(5, 'New Template', 6, '2026-04-02 07:45:30', '2026-04-02 07:45:30');

-- --------------------------------------------------------

--
-- Table structure for table `template_categories`
--

CREATE TABLE `template_categories` (
  `id` bigint(20) UNSIGNED NOT NULL,
  `template_id` bigint(20) UNSIGNED NOT NULL,
  `category_id` bigint(20) UNSIGNED NOT NULL,
  `created_at` timestamp NULL DEFAULT NULL,
  `updated_at` timestamp NULL DEFAULT NULL
) ENGINE=InnoDB DEFAULT CHARSET=utf8mb4 COLLATE=utf8mb4_unicode_ci;

--
-- Dumping data for table `template_categories`
--

INSERT INTO `template_categories` (`id`, `template_id`, `category_id`, `created_at`, `updated_at`) VALUES
(75, 5, 67, NULL, NULL),
(76, 5, 69, NULL, NULL),
(77, 5, 70, NULL, NULL),
(78, 5, 72, NULL, NULL),
(79, 5, 74, NULL, NULL),
(80, 5, 76, NULL, NULL),
(81, 5, 90, NULL, NULL),
(82, 5, 91, NULL, NULL),
(83, 5, 77, NULL, NULL),
(84, 5, 92, NULL, NULL),
(85, 5, 93, NULL, NULL),
(86, 5, 94, NULL, NULL),
(87, 5, 95, NULL, NULL),
(88, 5, 96, NULL, NULL),
(89, 5, 115, NULL, NULL),
(90, 5, 116, NULL, NULL),
(91, 5, 97, NULL, NULL),
(92, 5, 117, NULL, NULL),
(93, 5, 119, NULL, NULL),
(94, 5, 118, NULL, NULL),
(95, 5, 120, NULL, NULL),
(96, 5, 78, NULL, NULL),
(97, 5, 98, NULL, NULL),
(98, 5, 99, NULL, NULL),
(99, 5, 100, NULL, NULL),
(100, 5, 101, NULL, NULL),
(101, 5, 102, NULL, NULL),
(102, 5, 103, NULL, NULL),
(103, 5, 79, NULL, NULL),
(104, 5, 104, NULL, NULL),
(105, 5, 105, NULL, NULL),
(106, 5, 106, NULL, NULL),
(107, 5, 111, NULL, NULL),
(108, 5, 113, NULL, NULL),
(109, 5, 112, NULL, NULL),
(110, 5, 114, NULL, NULL),
(111, 5, 107, NULL, NULL),
(112, 5, 108, NULL, NULL),
(113, 5, 109, NULL, NULL),
(114, 5, 110, NULL, NULL),
(115, 5, 80, NULL, NULL),
(116, 5, 121, NULL, NULL),
(117, 5, 122, NULL, NULL),
(118, 5, 123, NULL, NULL),
(119, 5, 124, NULL, NULL),
(120, 5, 125, NULL, NULL),
(121, 5, 127, NULL, NULL),
(122, 5, 126, NULL, NULL),
(123, 5, 128, NULL, NULL),
(124, 5, 81, NULL, NULL),
(125, 5, 129, NULL, NULL),
(126, 5, 130, NULL, NULL),
(127, 5, 131, NULL, NULL),
(128, 5, 134, NULL, NULL),
(129, 5, 136, NULL, NULL),
(130, 5, 135, NULL, NULL),
(131, 5, 137, NULL, NULL),
(132, 5, 132, NULL, NULL),
(133, 5, 133, NULL, NULL),
(134, 5, 138, NULL, NULL),
(135, 5, 139, NULL, NULL),
(136, 5, 82, NULL, NULL),
(137, 5, 140, NULL, NULL),
(138, 5, 141, NULL, NULL),
(139, 5, 142, NULL, NULL),
(140, 5, 143, NULL, NULL),
(141, 5, 144, NULL, NULL),
(142, 5, 83, NULL, NULL),
(143, 5, 145, NULL, NULL),
(144, 5, 147, NULL, NULL),
(145, 5, 146, NULL, NULL),
(146, 5, 148, NULL, NULL),
(147, 5, 150, NULL, NULL),
(148, 5, 149, NULL, NULL),
(149, 5, 151, NULL, NULL),
(150, 5, 84, NULL, NULL),
(151, 5, 152, NULL, NULL),
(152, 5, 85, NULL, NULL),
(153, 5, 86, NULL, NULL),
(154, 5, 87, NULL, NULL),
(155, 5, 88, NULL, NULL),
(156, 5, 89, NULL, NULL),
(157, 5, 75, NULL, NULL),
(158, 5, 73, NULL, NULL),
(159, 5, 71, NULL, NULL);

--
-- Indexes for dumped tables
--

--
-- Indexes for table `activity_logs`
--
ALTER TABLE `activity_logs`
  ADD PRIMARY KEY (`id`),
  ADD KEY `activity_logs_user_id_foreign` (`user_id`);

--
-- Indexes for table `categories`
--
ALTER TABLE `categories`
  ADD PRIMARY KEY (`id`),
  ADD KEY `categories_parent_id_foreign` (`parent_id`);

--
-- Indexes for table `failed_jobs`
--
ALTER TABLE `failed_jobs`
  ADD PRIMARY KEY (`id`),
  ADD UNIQUE KEY `failed_jobs_uuid_unique` (`uuid`);

--
-- Indexes for table `migrations`
--
ALTER TABLE `migrations`
  ADD PRIMARY KEY (`id`);

--
-- Indexes for table `oauth_auth_codes`
--
ALTER TABLE `oauth_auth_codes`
  ADD PRIMARY KEY (`id`),
  ADD KEY `oauth_auth_codes_user_id_index` (`user_id`);

--
-- Indexes for table `oauth_personal_access_clients`
--
ALTER TABLE `oauth_personal_access_clients`
  ADD PRIMARY KEY (`id`);

--
-- Indexes for table `permissions`
--
ALTER TABLE `permissions`
  ADD PRIMARY KEY (`id`),
  ADD UNIQUE KEY `permissions_name_unique` (`name`),
  ADD UNIQUE KEY `permissions_slug_unique` (`slug`);

--
-- Indexes for table `permission_role`
--
ALTER TABLE `permission_role`
  ADD PRIMARY KEY (`permission_id`,`role_id`),
  ADD KEY `permission_role_role_id_foreign` (`role_id`);

--
-- Indexes for table `roles`
--
ALTER TABLE `roles`
  ADD PRIMARY KEY (`id`),
  ADD UNIQUE KEY `roles_name_unique` (`name`),
  ADD UNIQUE KEY `roles_slug_unique` (`slug`);

--
-- Indexes for table `role_user`
--
ALTER TABLE `role_user`
  ADD PRIMARY KEY (`role_id`,`user_id`),
  ADD KEY `role_user_user_id_foreign` (`user_id`);

--
-- Indexes for table `templates`
--
ALTER TABLE `templates`
  ADD PRIMARY KEY (`id`),
  ADD UNIQUE KEY `templates_name_unique` (`name`),
  ADD KEY `templates_created_by_foreign` (`created_by`);

--
-- Indexes for table `template_categories`
--
ALTER TABLE `template_categories`
  ADD PRIMARY KEY (`id`),
  ADD KEY `template_categories_template_id_foreign` (`template_id`),
  ADD KEY `template_categories_category_id_foreign` (`category_id`);

--
-- AUTO_INCREMENT for dumped tables
--

--
-- AUTO_INCREMENT for table `activity_logs`
--
ALTER TABLE `activity_logs`
  MODIFY `id` bigint(20) UNSIGNED NOT NULL AUTO_INCREMENT, AUTO_INCREMENT=135;

--
-- AUTO_INCREMENT for table `categories`
--
ALTER TABLE `categories`
  MODIFY `id` bigint(20) UNSIGNED NOT NULL AUTO_INCREMENT, AUTO_INCREMENT=238;

--
-- AUTO_INCREMENT for table `failed_jobs`
--
ALTER TABLE `failed_jobs`
  MODIFY `id` bigint(20) UNSIGNED NOT NULL AUTO_INCREMENT;

--
-- AUTO_INCREMENT for table `migrations`
--
ALTER TABLE `migrations`
  MODIFY `id` int(10) UNSIGNED NOT NULL AUTO_INCREMENT, AUTO_INCREMENT=20;

--
-- AUTO_INCREMENT for table `oauth_personal_access_clients`
--
ALTER TABLE `oauth_personal_access_clients`
  MODIFY `id` bigint(20) UNSIGNED NOT NULL AUTO_INCREMENT, AUTO_INCREMENT=2;

--
-- AUTO_INCREMENT for table `permissions`
--
ALTER TABLE `permissions`
  MODIFY `id` bigint(20) UNSIGNED NOT NULL AUTO_INCREMENT, AUTO_INCREMENT=3;

--
-- AUTO_INCREMENT for table `roles`
--
ALTER TABLE `roles`
  MODIFY `id` bigint(20) UNSIGNED NOT NULL AUTO_INCREMENT, AUTO_INCREMENT=3;

--
-- AUTO_INCREMENT for table `templates`
--
ALTER TABLE `templates`
  MODIFY `id` bigint(20) UNSIGNED NOT NULL AUTO_INCREMENT, AUTO_INCREMENT=6;

--
-- AUTO_INCREMENT for table `template_categories`
--
ALTER TABLE `template_categories`
  MODIFY `id` bigint(20) UNSIGNED NOT NULL AUTO_INCREMENT, AUTO_INCREMENT=160;

--
-- Constraints for dumped tables
--

--
-- Constraints for table `activity_logs`
--
ALTER TABLE `activity_logs`
  ADD CONSTRAINT `activity_logs_user_id_foreign` FOREIGN KEY (`user_id`) REFERENCES `users` (`id`) ON DELETE CASCADE;

--
-- Constraints for table `categories`
--
ALTER TABLE `categories`
  ADD CONSTRAINT `categories_parent_id_foreign` FOREIGN KEY (`parent_id`) REFERENCES `categories` (`id`) ON DELETE CASCADE;

--
-- Constraints for table `permission_role`
--
ALTER TABLE `permission_role`
  ADD CONSTRAINT `permission_role_permission_id_foreign` FOREIGN KEY (`permission_id`) REFERENCES `permissions` (`id`) ON DELETE CASCADE,
  ADD CONSTRAINT `permission_role_role_id_foreign` FOREIGN KEY (`role_id`) REFERENCES `roles` (`id`) ON DELETE CASCADE;

--
-- Constraints for table `role_user`
--
ALTER TABLE `role_user`
  ADD CONSTRAINT `role_user_role_id_foreign` FOREIGN KEY (`role_id`) REFERENCES `roles` (`id`) ON DELETE CASCADE,
  ADD CONSTRAINT `role_user_user_id_foreign` FOREIGN KEY (`user_id`) REFERENCES `users` (`id`) ON DELETE CASCADE;

--
-- Constraints for table `templates`
--
ALTER TABLE `templates`
  ADD CONSTRAINT `templates_created_by_foreign` FOREIGN KEY (`created_by`) REFERENCES `users` (`id`) ON DELETE CASCADE;

--
-- Constraints for table `template_categories`
--
ALTER TABLE `template_categories`
  ADD CONSTRAINT `template_categories_category_id_foreign` FOREIGN KEY (`category_id`) REFERENCES `categories` (`id`) ON DELETE CASCADE,
  ADD CONSTRAINT `template_categories_template_id_foreign` FOREIGN KEY (`template_id`) REFERENCES `templates` (`id`) ON DELETE CASCADE;
COMMIT;

